{"id":683,"date":"2017-11-06T14:49:22","date_gmt":"2017-11-06T14:49:22","guid":{"rendered":"https:\/\/etherpower.net\/new\/?page_id=683"},"modified":"2026-01-09T13:59:51","modified_gmt":"2026-01-09T19:59:51","slug":"ares-12","status":"publish","type":"page","link":"https:\/\/etherpower.net\/new\/ares-12\/","title":{"rendered":"Ares 12 LTE para Monitoreo y Alertas por la Red Celular"},"content":{"rendered":"<p><img loading=\"lazy\" decoding=\"async\" class=\"alignnone size-full wp-image-2323\" src=\"https:\/\/etherpower.net\/new\/wp-content\/uploads\/2025\/08\/fp-ares12lteglobal.png\" alt=\"\" width=\"1600\" height=\"900\" srcset=\"https:\/\/etherpower.net\/new\/wp-content\/uploads\/2025\/08\/fp-ares12lteglobal.png 1600w, https:\/\/etherpower.net\/new\/wp-content\/uploads\/2025\/08\/fp-ares12lteglobal-600x338.png 600w, https:\/\/etherpower.net\/new\/wp-content\/uploads\/2025\/08\/fp-ares12lteglobal-300x169.png 300w, https:\/\/etherpower.net\/new\/wp-content\/uploads\/2025\/08\/fp-ares12lteglobal-1024x576.png 1024w, https:\/\/etherpower.net\/new\/wp-content\/uploads\/2025\/08\/fp-ares12lteglobal-768x432.png 768w, https:\/\/etherpower.net\/new\/wp-content\/uploads\/2025\/08\/fp-ares12lteglobal-1536x864.png 1536w\" sizes=\"auto, (max-width: 1600px) 100vw, 1600px\" \/><\/p>\r\n<p>&nbsp;<strong data-start=\"60\" data-end=\"75\">Ares 12 LTE<\/strong> es una unidad industrial para monitoreo remoto y generaci\u00f3n de alarmas a trav\u00e9s de LTE en ubicaciones sin acceso a LAN. Incluye bater\u00eda de respaldo. Permite conectar hasta 14 sensores externos y 2 detectores de contacto seco.<\/p>\r\n<p data-start=\"305\" data-end=\"373\"><strong data-start=\"305\" data-end=\"320\">Ares 12 LTE<\/strong> supervisa las lecturas de los sensores conectados.<\/p>\r\n<p data-start=\"375\" data-end=\"645\">Cuando un valor alcanza el umbral de alarma, el dispositivo env\u00eda un correo electr\u00f3nico, un mensaje de texto (SMS) o realiza llamadas a n\u00fameros predefinidos.&nbsp;<\/p>\r\n<p data-start=\"647\" data-end=\"747\"><strong data-start=\"647\" data-end=\"662\">Ares 12 LTE<\/strong> incluye una bater\u00eda interna que proporciona energ\u00eda de respaldo de hasta 24 horas.<\/p>\r\n<p data-start=\"749\" data-end=\"871\">Los productos <strong data-start=\"763\" data-end=\"778\">Ares 12 LTE<\/strong> admiten <strong data-start=\"787\" data-end=\"819\">FOTA (Firmware Over The Air)<\/strong> para actualizaciones de firmware de forma remota.<\/p>\r\n<h3 data-start=\"117\" data-end=\"136\">Caracter\u00edsticas<\/h3>\r\n<ul data-start=\"138\" data-end=\"1475\">\r\n<li data-start=\"138\" data-end=\"178\">\r\n<p data-start=\"140\" data-end=\"178\"><strong data-start=\"140\" data-end=\"176\">14x entradas 1-Wire UNI \/ 1-Wire para sensores<\/strong><\/p>\r\n<\/li>\r\n<li data-start=\"179\" data-end=\"236\">\r\n<p data-start=\"181\" data-end=\"236\"><strong data-start=\"181\" data-end=\"234\">2x entradas digitales con contadores de pulsos&nbsp;<\/strong><\/p>\r\n<\/li>\r\n<li data-start=\"237\" data-end=\"290\">\r\n<p data-start=\"239\" data-end=\"290\"><strong data-start=\"239\" data-end=\"254\">Data Logger<\/strong> para m\u00e1s de <strong data-start=\"267\" data-end=\"288\">250.000 registros<\/strong><\/p>\r\n<\/li>\r\n<li data-start=\"291\" data-end=\"421\">\r\n<p data-start=\"293\" data-end=\"421\">Las entradas digitales incluyen <strong data-start=\"325\" data-end=\"360\">contadores de pulsos de 32 bits<\/strong> que conservan su valor incluso en caso de corte de energ\u00eda<\/p>\r\n<\/li>\r\n<li data-start=\"422\" data-end=\"503\">\r\n<p data-start=\"424\" data-end=\"503\">Hasta <strong data-start=\"430\" data-end=\"459\">5 destinatarios de e-mail<\/strong> y <strong data-start=\"462\" data-end=\"501\">5 destinatarios para SMS + llamadas<\/strong><\/p>\r\n<\/li>\r\n<li data-start=\"504\" data-end=\"570\">\r\n<p data-start=\"506\" data-end=\"570\"><strong data-start=\"506\" data-end=\"525\">Bater\u00eda interna<\/strong> que asegura hasta <strong data-start=\"544\" data-end=\"568\">24 horas de respaldo<\/strong><\/p>\r\n<\/li>\r\n<li data-start=\"571\" data-end=\"680\">\r\n<p data-start=\"573\" data-end=\"680\"><strong data-start=\"573\" data-end=\"589\">Interfaz USB<\/strong> para configurar el dispositivo desde una PC sin necesidad de instalar software adicional<\/p>\r\n<\/li>\r\n<li data-start=\"778\" data-end=\"887\">\r\n<p data-start=\"780\" data-end=\"887\"><strong data-start=\"780\" data-end=\"812\">FOTA (Firmware Over The Air)<\/strong> para actualizaciones de firmware remotas, ideal para despliegues masivos<\/p>\r\n<\/li>\r\n<li data-start=\"888\" data-end=\"975\">\r\n<p data-start=\"890\" data-end=\"975\">Conexi\u00f3n a trav\u00e9s de <strong data-start=\"911\" data-end=\"929\">LTE y GSM\/GPRS<\/strong> con lista de APN disponible a nivel mundial<\/p>\r\n<\/li>\r\n<li data-start=\"976\" data-end=\"1122\">\r\n<p data-start=\"978\" data-end=\"1122\">Alertas por <strong data-start=\"990\" data-end=\"1000\">e-mail<\/strong> o <strong data-start=\"1003\" data-end=\"1018\">SMS+llamada<\/strong> cuando un valor de sensor sale del rango seguro establecido o cambia el estado de una entrada digital<\/p>\r\n<\/li>\r\n<li data-start=\"1123\" data-end=\"1216\">\r\n<p data-start=\"1125\" data-end=\"1216\">Posibilidad de activar un <strong data-start=\"1151\" data-end=\"1167\">rel\u00e9 externo<\/strong> (mediante accesorio \u201cRelay Output 1-Wire UNI\u201d)<\/p>\r\n<\/li>\r\n<li data-start=\"1217\" data-end=\"1286\">\r\n<p data-start=\"1219\" data-end=\"1286\">Env\u00edo de datos como <strong data-start=\"1239\" data-end=\"1261\">adjuntos en e-mail<\/strong> o descarga por <strong data-start=\"1277\" data-end=\"1284\">USB<\/strong><\/p>\r\n<\/li>\r\n<li data-start=\"1287\" data-end=\"1363\">\r\n<p data-start=\"1289\" data-end=\"1363\">Compatible con una amplia gama de <strong data-start=\"1323\" data-end=\"1361\">software de terceros (SCADA, etc.)<\/strong><\/p>\r\n<\/li>\r\n<li data-start=\"1364\" data-end=\"1475\">\r\n<p data-start=\"1366\" data-end=\"1475\">Ejemplos para programadores disponibles en el <strong data-start=\"1412\" data-end=\"1423\">HWg-SDK<\/strong> (Borland C++, MS Visual, VB, C#, PHP, JAVA y m\u00e1s)<\/p>\r\n<\/li>\r\n<\/ul>\r\n<h3>Bajar la Ficha del Producto:<\/h3>\r\n<h3><a href=\"https:\/\/etherpower.net\/new\/wp-content\/uploads\/2025\/08\/ares12lte-fl_2-0-0_en-1.pdf\" target=\"_blank\" rel=\"noopener\">Flyer Ares12<\/a><\/h3>\r\n<h3>&nbsp;<\/h3>\r\n<p><img loading=\"lazy\" decoding=\"async\" class=\"alignnone wp-image-2321 size-large\" src=\"https:\/\/etherpower.net\/new\/wp-content\/uploads\/2025\/08\/D_Ares12LTE-1024x793.png\" alt=\"\" width=\"584\" height=\"452\" srcset=\"https:\/\/etherpower.net\/new\/wp-content\/uploads\/2025\/08\/D_Ares12LTE-1024x793.png 1024w, https:\/\/etherpower.net\/new\/wp-content\/uploads\/2025\/08\/D_Ares12LTE-600x464.png 600w, https:\/\/etherpower.net\/new\/wp-content\/uploads\/2025\/08\/D_Ares12LTE-300x232.png 300w, https:\/\/etherpower.net\/new\/wp-content\/uploads\/2025\/08\/D_Ares12LTE-768x594.png 768w, https:\/\/etherpower.net\/new\/wp-content\/uploads\/2025\/08\/D_Ares12LTE-1536x1189.png 1536w, https:\/\/etherpower.net\/new\/wp-content\/uploads\/2025\/08\/D_Ares12LTE.png 1690w\" sizes=\"auto, (max-width: 584px) 100vw, 584px\" \/><\/p>\r\n<p><iframe loading=\"lazy\" title=\"Ares 12 GSM\/LTE remote sensors monitoring and alarm - HWg Video Flyer - HV57\" width=\"584\" height=\"329\" src=\"https:\/\/www.youtube.com\/embed\/ibdq8u-VB7Y?feature=oembed\" frameborder=\"0\" allow=\"accelerometer; autoplay; clipboard-write; encrypted-media; gyroscope; picture-in-picture; web-share\" referrerpolicy=\"strict-origin-when-cross-origin\" allowfullscreen><\/iframe><\/p>\r\n\r\n<figure class=\"wp-block-embed is-type-video is-provider-youtube wp-block-embed-youtube wp-embed-aspect-16-9 wp-has-aspect-ratio\">\r\n<div class=\"wp-block-embed__wrapper\"><img loading=\"lazy\" decoding=\"async\" class=\"alignnone wp-image-2677 size-medium\" src=\"https:\/\/etherpower.net\/new\/wp-content\/uploads\/2026\/01\/V-ares-300x185.png\" alt=\"\" width=\"300\" height=\"185\" srcset=\"https:\/\/etherpower.net\/new\/wp-content\/uploads\/2026\/01\/V-ares-300x185.png 300w, https:\/\/etherpower.net\/new\/wp-content\/uploads\/2026\/01\/V-ares.png 309w\" sizes=\"auto, (max-width: 300px) 100vw, 300px\" \/><\/div>\r\n<\/figure>\r\n","protected":false},"excerpt":{"rendered":"<p>&nbsp;Ares 12 LTE es una unidad industrial para monitoreo remoto y generaci\u00f3n de alarmas a trav\u00e9s de LTE en ubicaciones sin acceso a LAN. Incluye bater\u00eda de respaldo. Permite conectar hasta 14 sensores externos y 2 detectores de contacto seco. Ares 12 LTE supervisa las lecturas de los sensores conectados.<a href=\"https:\/\/etherpower.net\/new\/ares-12\/\" class=\"read-more\">Read More<\/a><\/p>\n","protected":false},"author":1,"featured_media":0,"parent":0,"menu_order":0,"comment_status":"closed","ping_status":"closed","template":"","meta":{"ngg_post_thumbnail":0,"footnotes":""},"class_list":["post-683","page","type-page","status-publish","hentry"],"_links":{"self":[{"href":"https:\/\/etherpower.net\/new\/wp-json\/wp\/v2\/pages\/683","targetHints":{"allow":["GET"]}}],"collection":[{"href":"https:\/\/etherpower.net\/new\/wp-json\/wp\/v2\/pages"}],"about":[{"href":"https:\/\/etherpower.net\/new\/wp-json\/wp\/v2\/types\/page"}],"author":[{"embeddable":true,"href":"https:\/\/etherpower.net\/new\/wp-json\/wp\/v2\/users\/1"}],"replies":[{"embeddable":true,"href":"https:\/\/etherpower.net\/new\/wp-json\/wp\/v2\/comments?post=683"}],"version-history":[{"count":5,"href":"https:\/\/etherpower.net\/new\/wp-json\/wp\/v2\/pages\/683\/revisions"}],"predecessor-version":[{"id":2678,"href":"https:\/\/etherpower.net\/new\/wp-json\/wp\/v2\/pages\/683\/revisions\/2678"}],"wp:attachment":[{"href":"https:\/\/etherpower.net\/new\/wp-json\/wp\/v2\/media?parent=683"}],"curies":[{"name":"wp","href":"https:\/\/api.w.org\/{rel}","templated":true}]}}