{"id":899,"date":"2017-11-06T18:16:16","date_gmt":"2017-11-06T18:16:16","guid":{"rendered":"https:\/\/etherpower.net\/new\/?page_id=899"},"modified":"2017-11-07T16:54:11","modified_gmt":"2017-11-07T16:54:11","slug":"cie-m10","status":"publish","type":"page","link":"https:\/\/etherpower.net\/new\/cie-m10\/","title":{"rendered":"CIE-M10 M\u00f3dulo Embedded    8 Entradas 8 Salidas     WEB ModBus\/TCP"},"content":{"rendered":"<p><img loading=\"lazy\" decoding=\"async\" class=\"size-full wp-image-900 aligncenter\" src=\"https:\/\/etherpower.net\/new\/wp-content\/uploads\/2017\/11\/CIE_M10.png\" alt=\"\" width=\"400\" height=\"300\" srcset=\"https:\/\/etherpower.net\/new\/wp-content\/uploads\/2017\/11\/CIE_M10.png 400w, https:\/\/etherpower.net\/new\/wp-content\/uploads\/2017\/11\/CIE_M10-300x225.png 300w\" sizes=\"auto, (max-width: 400px) 100vw, 400px\" \/><\/p>\n<div class=\"ipWidget ipWidget-Text ipSkin-default\">\n<div class=\"ipsContainer\">\n<p>&nbsp;CIE-M10 es un m\u00f3dulo OEM para control remoto de entradas y salidas. Puede monitorear entradas digitales y controlar salidas digitales por internet. Posee tambi\u00e9n una entrada anal\u00f3gica para monitorear sensores de temperatura, humedad, tensi\u00f3n, etc. Soporta Modbus\/TCP, HTTP y macros simples para una operaci\u00f3n stand-alone, por lo que puede ser utilizado en multiples aplicaciones. Posee un WebServer embebido y la p\u00e1gina se puede modificar f\u00e1cilmente con cualquier editor HTML, haciendo un producto que se adapta a las necesidades de cada cliente en particular.<\/p>\n<\/div>\n<\/div>\n<h3 class=\"ipWidget ipWidget-Heading ipSkin-default\">&nbsp;<strong><span style=\"color: #333333;\">Caracter\u00edsticas Principales <\/span><\/strong><\/h3>\n<ul>\n<li class=\"_title\">Control remoto y monitoreo de entradas y salidas digitales<\/li>\n<li class=\"_title\">8 entradas digitales y 8 salidas digitales<\/li>\n<li class=\"_title\">1 entrada anal\u00f3gica 0 &#8211; 3,3 V<\/li>\n<li class=\"_title\">Soporta Modbus\/TCP y WebServer (HTTP)<\/li>\n<li class=\"_title\">Opera Stand-Alone<\/li>\n<li class=\"_title\">Puerto Serie<\/li>\n<li class=\"_title\">Soporta DHCP y PPPoE<\/li>\n<li class=\"_title\">Configuraci\u00f3n sencilla&nbsp;por IP<\/li>\n<\/ul>\n<h3><span style=\"color: #333333;\"><strong>Aplicaciones:<\/strong><\/span><\/h3>\n<ul>\n<li>Encendido de motores a distancia<\/li>\n<li>Control de Iluminaci\u00f3n<\/li>\n<li>Adquisici\u00f3n remota de datos<\/li>\n<li>Sistemas de seguridad y control de acceso<\/li>\n<li>Sistemas de circulaci\u00f3n de aire<\/li>\n<li>Supervisi\u00f3n remota de m\u00e1quinas expendedoras<\/li>\n<li>Edificios Inteligentes<\/li>\n<li>Aplicaciones en Rob\u00f3tica y Dom\u00f3tica<\/li>\n<li>Apertura de puertas&nbsp;&nbsp;<\/li>\n<\/ul>\n<h3>Bajar la Ficha del Producto:<\/h3>\n<h3><a href=\"https:\/\/etherpower.net\/new\/wp-content\/uploads\/2017\/11\/ds_ciem10en.pdf\">Flyer CIE-M10<\/a><\/h3>\nngg_shortcode_0_placeholder\n","protected":false},"excerpt":{"rendered":"<p>&nbsp;CIE-M10 es un m\u00f3dulo OEM para control remoto de entradas y salidas. Puede monitorear entradas digitales y controlar salidas digitales por internet. Posee tambi\u00e9n una entrada anal\u00f3gica para monitorear sensores de temperatura, humedad, tensi\u00f3n, etc. Soporta Modbus\/TCP, HTTP y macros simples para una operaci\u00f3n stand-alone, por lo que puede ser<a href=\"https:\/\/etherpower.net\/new\/cie-m10\/\" class=\"read-more\">Read More<\/a><\/p>\n","protected":false},"author":1,"featured_media":0,"parent":0,"menu_order":0,"comment_status":"closed","ping_status":"closed","template":"","meta":{"ngg_post_thumbnail":0,"footnotes":""},"class_list":["post-899","page","type-page","status-publish","hentry"],"_links":{"self":[{"href":"https:\/\/etherpower.net\/new\/wp-json\/wp\/v2\/pages\/899","targetHints":{"allow":["GET"]}}],"collection":[{"href":"https:\/\/etherpower.net\/new\/wp-json\/wp\/v2\/pages"}],"about":[{"href":"https:\/\/etherpower.net\/new\/wp-json\/wp\/v2\/types\/page"}],"author":[{"embeddable":true,"href":"https:\/\/etherpower.net\/new\/wp-json\/wp\/v2\/users\/1"}],"replies":[{"embeddable":true,"href":"https:\/\/etherpower.net\/new\/wp-json\/wp\/v2\/comments?post=899"}],"version-history":[{"count":0,"href":"https:\/\/etherpower.net\/new\/wp-json\/wp\/v2\/pages\/899\/revisions"}],"wp:attachment":[{"href":"https:\/\/etherpower.net\/new\/wp-json\/wp\/v2\/media?parent=899"}],"curies":[{"name":"wp","href":"https:\/\/api.w.org\/{rel}","templated":true}]}}